f n?
8
Suppose -2*g = -2*y + 4 - 26, 25 = 3*g + 5*y. Suppose 0 = 4*k - 5*q - 3752, 963 = -g*k + 11*k + 5*q. What is the hundreds digit of k?
9
Let q be (-1)/4 + (-287)/(-28). Let y = -7 + q. Suppose 11 = y*x - 58. What is the units digit of x?
3
Let g(h) = h**3 + h**2 - 3*h. Let u be g(5). Let m be (-8)/(48/u) - 2/4. Let l = 80 - m. What is the tens digit of l?
0
Let i = -41 + 44. Suppose 0 = i*g + 2*o + 19, -2*o + 7*o = 4*g + 33. Let k(f) = -15*f + 5. What is the tens digit of k(g)?
1
Let d(n) = -n**3 + 10*n**2 + 14*n - 31. Let o be d(11). Suppose o*s + s - 1056 = 0. What is the units digit of s?
2
What is the hundreds digit of 1 - (0 + (-6)/3) - -3386?
3
Let b = 5076 + 8995. What is the ten thousands digit of b?
1
Suppose 5*n + 8*k - 67892 = 6*k, -3*k = -4*n + 54286. What is the hundreds digit of n?
5
Let s be (-1450)/(-35) - (-12)/21. Let m be 7/s + 46/12. Suppose 5*h = m*h + 176. What is the units digit of h?
6
Suppose 12*s - 108603 = 12033. What is the tens digit of s?
5
Let s(x) = -x**2 - 6*x + 3. Let f be s(-6). Let u = -12902 - -13306. Suppose -6 = 3*y, -5*w + u = f*y - 1085. What is the tens digit of w?
9
Suppose -239*h + 8478 = -478*h + 245*h. What is the units digit of h?
3
Let g(p) = -229*p - 97 - 4 + 200*p - 94. What is the hundreds digit of g(-14)?
2
Suppose -1393229 = -8*v - 63*v - 149309. What is the ten thousands digit of v?
1
Let l = -51 - -50. Let y(s) = -18*s - 2. Let w be y(l). Let i(o) = 16*o - 48. What is the tens digit of i(w)?
0
Let b be 4/(-6) - -3*(-114)/54. Let g be (12/b)/((-2)/35). Let j = g - 2. What is the tens digit of j?
2
Let j(x) = 319*x**2 + 23*x + 182. What is the thousands digit of j(-4)?
5
Suppose -8*i + 6072 = 14*i. Let t = i - -110. What is the tens digit of t?
8
Suppose 0 = 3*c + 47 - 164. Let u = c - 36. Suppose -5*f - 4*n = -283, -3*f + u*n + 192 = -2*n. What is the units digit of f?
9
Suppose 5*q + 240 = 3*u - 0*q, 2*q = u - 79. Suppose -h = -u - 55. What is the hundreds digit of h?
1
Let b(r) = 570*r**2 - 63*r + 271. What is the units digit of b(5)?
6
Let d = -35775 + 51507. What is the ten thousands digit of d?
1
Suppose 12777 = 5*y + 3*j - 15713, 5*j = -5*y + 28490. What is the thousands digit of y?
5
Suppose 0 = -2*i - 152 + 16. Let s = -53 - i. Suppose -s*h + 13*h + 114 = 0. What is the units digit of h?
7
Let r be ((-18)/(-21))/(6/56). Suppose -5*m = -m - r. Suppose -178 = -5*f + m. What is the units digit of f?
6
Let j(g) = -44*g + 238. Let d be j(-35). Suppose t = -6*t + d. What is the tens digit of t?
5
Let c = -664 + 401. Suppose -451 = 3*m + h, m - 4*h = 18 - 177. Let s = m - c. What is the tens digit of s?
1
What is the tens digit of (-29)/(957/(-1988888)) + (-8)/(-3)?
7
What is the units digit of (1 - 2)*-2*(-28182)/(-84)?
1
Let l(z) = -z**2 + z + 64. Let o be l(0). What is the hundreds digit of ((-56)/(-21))/((-1)/o)*-3?
5
Let s(v) = 531*v**2 + 8. What is the tens digit of s(-3)?
8
Let f(q) be the first derivative of -4*q**3 - 39*q**2/2 - 12*q + 2. Let d(t) = 3*t**2 + 10*t + 3. Let g(o) = 9*d(o) + 2*f(o). What is the units digit of g(-5)?
8
Let m = 118320 - 54512. What is the tens digit of m?
0
Let c(a) = -66 + 21 - 37 - 31 - 29*a. What is the tens digit of c(-16)?
5
Let f(p) = p**2 + 15*p + 38. Let b be f(-3). What is the tens digit of (b/(-13) - (-82)/26) + 56?
5
Let z(w) = -5*w**2 + 0*w**2 - 3*w**2 + 7*w + w**3. Let j be z(7). Suppose -4*h - u + 523 - 56 = j, 5*h - u = 595. What is the units digit of h?
8
Suppose -3*n - u = -176259, -3*u + 167213 = 2*n + 49707. What is the ten thousands digit of n?
5
What is the ten thousands digit of (-1 + -108)/(-4*9/11988)?
3
Let w = -1172 - -1709. Suppose -5*u = -10*u + d + w, 2*d = -4. Let r = 246 - u. What is the hundreds digit of r?
1
Suppose 4*m + 5*t - 48306 = 0, -64*t + 62*t + 48312 = 4*m. What is the units digit of m?
9
What is the units digit of (9385 + 242)/((12/(-32))/(18/(-8)))?
2
Let z(r) = 8*r**2 + 72*r + 40. Let j(h) = 4*h**2 + 35*h + 20. Let y(f) = -5*j(f) + 3*z(f). What is the tens digit of y(-14)?
3
Let m be (4 - 36045/(-12)) + 3/12. Suppose -3*y = -11*y + m. Suppose -4*g - y = -8*g. What is the tens digit of g?
9
Let y = 12343 + -7079. What is the hundreds digit of y?
2
Let z be (-7)/(70/24)*20/(-8). Suppose z*t - 15 - 3 = 0. What is the hundreds digit of ((-78)/(-4))/((-3)/(-54)*t)?
1
Let b(j) be the first derivative of -j**4/4 + 5*j**3 - j**2 + 60*j + 199. What is the hundreds digit of b(12)?
4
Let z(v) = -v**3 + 23*v**2 + 149*v - 60. What is the thousands digit of z(25)?
2
Let u(j) = 2*j**2 + j - 15. Suppose 5*f + 274 - 219 = 0. What is the units digit of u(f)?
6
Suppose -c - 10 = -162. Suppose 3*p + 1 = 2*p, 5*m - 2*p = c. What is the units digit of m?
0
Suppose w = 4*g - 44486, 55624 = 5*g - 45*w + 41*w. What is the tens digit of g?
2
Let r(o) = -o**2 - 14*o - 9. Let z be r(-13). Suppose -2*s - 431 = -4*u - 5*s, 5*s = z*u - 455. What is the hundreds digit of u?
1
Suppose -2*s - 8013 + 142687 = 5*u, 0 = -u + 2*s + 26918. What is the tens digit of u?
3
Suppose 8*g - 12 = 9*g - 3*w, -3*g - w = -4. What is the hundreds digit of ((-10)/15 + g)*-771?
5
Let z(m) = 34*m**2 - 81*m - 20. Let a be z(9). Suppose -5*t = -2*y + a, 0*y + 4025 = 4*y - 5*t. What is the tens digit of y?
1
Let a = -3130 + 3277. What is the hundreds digit of a?
1
Suppose -2*l + 6 = -q, 5*l + 21 = -5*q + 6. What is the tens digit of (0 - l)*3/((-39)/19279)?
8
Let l be (12 + -11)/(3/(-27)). What is the tens digit of 12/l*(-1092)/8?
8
What is the hundreds digit of 4102270/4425 - (58/(-30) + 2)?
9
Let j(t) = -t**2 - 3*t + 27. Suppose 7*u - 11*u + 12 = 0. Let x be u + -6 - (-2 + -1). What is the units digit of j(x)?
7
Suppose -73*c + 4845 = -1944. What is the tens digit of c?
9
Let f = -28 - 55. Let m = f - -235. What is the hundreds digit of m?
1
What is the thousands digit of (-2)/((-8)/(-36950))*(-432)/216?
8
Let n(p) be the second derivative of p**5/5 + p**4/12 + 5*p**3/2 - 5*p**2/2 + 20*p - 3. What is the tens digit of n(4)?
2
Let k be ((-15)/6)/((-2)/4). Suppose 0 = -k*t + 18*t - 8814. Suppose -9*f + 546 = -t. What is the tens digit of f?
3
Suppose -4*a - 27 = -13*a. Suppose -5*g - a*s = -3823, -g + 11*s = 9*s - 775. What is the units digit of g?
7
Let z = 1230 - 732. Suppose 0 = -3*p - 4*o + 3, o - 9 = -3*p - o. Suppose 0*j - p*j = y - 176, z = 3*y + 5*j. What is the hundreds digit of y?
1
Let n be 1/(-5) + (-50952)/(-60). Let y = 1527 - n. What is the hundreds digit of y?
6
Let r = 25 - 32. Let q(u) = -85*u - 52. Let c be q(r). Suppose -11*s + c = -216. What is the units digit of s?
9
Let b(d) = 30*d**2 + 10*d - 34. What is the hundreds digit of b(6)?
1
Suppose -5*d = 4*u - 26, 3*u + 3*d - 7 - 11 = 0. Suppose -u*y + 98 = 4*m - 2*m, -3*m + 157 = -4*y. What is the units digit of m/2 + 12/(-24)?
5
Let n(x) = -x**2 - 36*x - 29. Let h(m) = 8*m - 1 + 1 + 0*m + 19. Let f be h(-4). What is the units digit of n(f)?
0
Suppose 5*q = 7*y - 165113 + 34961, 5*y + q = 92952. What is the hundreds digit of y?
5
Suppose -4*p + 23450 = t, -64*t + 67*t + 29338 = 5*p. What is the tens digit of p?
6
Suppose v - 1164 = -v. Suppose -8*q + v = -5*q. Suppose q = 3*h + 3*s + 17, -5*h + 295 = -5*s. What is the tens digit of h?
5
Let r(p) = p**3 + 8*p**2 - 6*p + 19. Let i be r(-10). Let m = 532 + i. What is the units digit of m?
1
Let y(d) = 250*d**3 + d**2 - 11. What is the hundreds digit of y(2)?
9
Let q be 4/12 + (-5)/(-3). Suppose -2*c = -4*b + c, q*b + 5*c = 0. Suppose b = 2*z - 11 - 29. What is the units digit of z?
0
Let u(t) = t**3 + 3*t**2 + t. Let p(s) = s**3 + 14*s**2 + 12*s - 15. Let x be p(-13). Let w be u(x). What is the tens digit of (6 - w)*14/2?
2
Suppose 3*b + 48 = 5*b. Let p = b - 19. Suppose -t + 0*t - z + 3 = 0, -12 = -4*t - p*z. What is the units digit of t?
3
Let l(n) = 4*n**2 - 68*n + 3928. What is the units digit of l(120)?
8
Suppose 10*g - 7*g = 0. Suppose 2*t + 0*t - 1878 = g. What is the tens digit of t?
3
Let b(n) be the second derivative of n**4/12 + 11*n**3/6 - 24*n**2 - 15*n. Let x be b(-14). What is the tens digit of -3*(-4)/(-8)*428/x?
0
Suppose -f - 6 = -2*f. Let z(q) = 2*q**3 - 6*q**2 - 2*q + 14. What is the tens digit of z(f)?
1
Let u = 185 - 177. Let s(k) = 11*k**2 - 3*k - 12. What is the tens digit of s(u)?
6
Let l(g) = -1237*g**2 - 53*g - 